eatest common factor of z and i?
10
Suppose -4*b = -5*w - 13, -5*b - 3*w = -4*w - 11. Let s = b + 35. Let a = -19 + s. Calculate the highest common divisor of 18 and a.
18
Let r be (-87)/2 - (-1)/(-2). Let b = 45 + r. Calculate the highest common divisor of b and 3.
1
Let z(q) = q**2 - 17*q - 19. Let b be z(19). Let s(u) = -3 + 6 - 38*u - 3. Let c be s(-1). Calculate the highest common divisor of b and c.
19
Let y be (-8 - -2) + 151 + -4. What is the highest common divisor of 3 and y?
3
Let f(y) = 5*y**3 - 4 + 2*y + 0*y + 2 + 37*y**3. Let n be f(1). Calculate the greatest common divisor of 21 and n.
21
Suppose -2*z + 13 = 5. Suppose 2*w + z*i - 172 = 0, -3*i + 67 + 182 = 3*w. What is the highest common divisor of w and 16?
16
Let c(m) = m**2 + 7. Let o(a) = 3*a**2 - 3*a + 6. Let t be o(-4). Let y be 2/(-11) + 342/t. Let b be c(y). Calculate the greatest common divisor of b and 80.
16
Let m = 110 - -32. What is the highest common factor of m and 213?
71
Let k be -9*(8/1 - 12/4). Let r = k + 70. What is the greatest common divisor of r and 200?
25
Suppose -4*f - 5 = -405. Let m be -1*(-183)/6*2. Suppose 47*c + 280 = m*c. Calculate the highest common factor of f and c.
20
Let h = 24 + -30. Let q = 14 + h. Calculate the highest common factor of q and 24.
8
Suppose 0 = 5*j + 4 - 19. Suppose -p + j*r = -51, 0*r = 5*r. What is the greatest common divisor of 17 and p?
17
Let n(o) = 29*o - 26. Let y be n(1). Let p(b) = b + 8. Let x be p(-7). Let q be ((-1)/x)/((-4)/12). Calculate the highest common divisor of y and q.
3
Let r = -647 - -738. What is the greatest common divisor of r and 21?
7
Let i(r) = -r**3 + 6*r**2 + 2*r - 7. Let c be i(6). Let u(f) = f - 1. Let j be u(c). Suppose g + 297 = j*g. Calculate the greatest common divisor of g and 9.
9
Let v(b) = -2*b - 13. Let h be v(-9). Let z(i) = 7*i - 19. Let f be z(h). Let w = -95 + 207. Calculate the greatest common factor of w and f.
16
Suppose 2*r + 48 = 4*r - g, 0 = 5*r - 4*g - 120. Suppose -1 = 5*t - 4*t. Let k be 35 + t + (-1 - -3). Calculate the greatest common divisor of k and r.
12
Let w = 54 - 35. Suppose -16 = 4*i, -9*i = 3*q - 10*i - 7. Calculate the highest common divisor of q and w.
1
Let q be 0 + -2 - (-11 - -2). Let s = 17 + -41. Let d = -17 - s. Calculate the highest common factor of d and q.
7
Let k(s) = s**3 - 36*s**2 - 33*s - 116. Let l be k(37). Calculate the highest common factor of l and 112.
16
Let t be (6 + -7)*(67 + -1). Let k be (-6)/(-10) - t/15. Calculate the highest common factor of 2 and k.
1
Suppose -r - 5*b = -17, -4 = 4*r + 50*b - 54*b. Suppose -k + 2*k = 22. What is the highest common divisor of r and k?
2
Let n = 52 - 171. Let h = n + 191. What is the highest common divisor of 8 and h?
8
Let n(h) = -h - 2. Let c be n(-7). Suppose o + c*o = 0. Suppose 2*d - 4 + 0 = o. What is the highest common divisor of d and 22?
2
Let o(w) = -w**2 + 4*w - 4. Let r be o(4). Let m be r/14 - 1086/21. Let i = -35 - m. What is the highest common factor of 85 and i?
17
Let x(d) = d**3 - 39*d**2 + 2*d - 59. Let r be x(39). Calculate the highest common divisor of r and 95.
19
Suppose 34 = 6*z + 10. What is the greatest common factor of z and 188?
4
Suppose -47 - 10 = 3*g. Let v be 20/70 + 551/7. Let t = g + v. Calculate the greatest common factor of 20 and t.
20
Suppose 0 = -2*u - 3*k + 34, k + 0*k = -4*u + 68. Let a(g) = 4*g + 25 + 3*g - 5*g - 5*g + 2*g. Let m be a(u). What is the highest common divisor of 1 and m?
1
Suppose -36*c + 32*c + k = -82, 3*c - 3*k = 66. Let f be (40/(-32))/((-2)/64). What is the greatest common factor of f and c?
20
Suppose -333*w = -344*w + 242. Calculate the greatest common factor of 2596 and w.
22
Suppose 5*m - 24 = 1. Let d be 3/15 + (-41)/m. Let u be -6*2/d*36. What is the greatest common factor of 6 and u?
6
Let s be 294/(-4)*(-5 + (-52)/(-12)). Calculate the highest common factor of 14 and s.
7
Let h(n) = 3*n + 6. Let u be h(5). Let v = 111 - u. Suppose 9*m = 4*m + v. Calculate the highest common divisor of 90 and m.
18
Suppose -2*b - b + 48 = 0. Suppose 14*s - b*s = -6. Suppose 5*j - 385 = -s*f, 0*j - 3*j + 230 = 2*f. Calculate the highest common divisor of 32 and j.
16
Let l be (-3)/(-10 - -4)*(10 - 0). What is the highest common divisor of l and 20?
5
Suppose 0 = 2*i - 0*i + 4*b - 192, 3*b = -3*i + 273. Calculate the highest common factor of i and 215.
43
Suppose 384 = -3*a - 3*n, -5*n + 310 + 220 = -4*a. Let j = -113 - a. Calculate the highest common divisor of j and 68.
17
Let t = 197 + -127. Suppose -28 + t = -3*x. Let g = 24 + x. Calculate the highest common divisor of g and 40.
10
Suppose 82*r - 2970 = -510. Let j be 2/(-7) - 1054/(-14). Calculate the greatest common divisor of j and r.
15
Let b be (69 - -1)*(-4)/(-8). Suppose -k + 3*i - 2 = 0, 0 = -3*k - 5*i + 6*i + 18. Calculate the highest common factor of k and b.
7
Let n = 40 + -31. What is the greatest common factor of n and 72?
9
Let q be (-522)/9*(-5)/15*3. What is the greatest common factor of 4582 and q?
58
Let d be -1 + 1/3 + 2/3. Suppose -2*q + 193 = g, 3*q = -d*q - 4*g + 282. Calculate the greatest common factor of 14 and q.
14
Let g = 30 - -9. Let u = g - -1. What is the highest common factor of u and 20?
20
Let g = 1183 - 958. What is the highest common factor of g and 300?
75
Suppose 4*w - 331 = w - 4*n, 220 = 2*w + 3*n. Let o = -77 + w. Suppose 0*y = y - 12. Calculate the highest common divisor of o and y.
12
Let h = -140 + 575. Calculate the highest common factor of 30 and h.
15
Suppose -3*i = -2*v + 4*v - 501, -5*i - 244 = -v. Calculate the highest common divisor of v and 83.
83
Suppose -4*l + 34 + 6 = 0. Let i(v) = -2*v**2 - 17*v - 5. Let y be i(-11). Let w = y + 70. Calculate the greatest common divisor of l and w.
10
Let w = 179 - 274. Let c = -4 - w. Calculate the greatest common divisor of c and 7.
7
Let k = -5126 + 5150. Let j be (-3 - -2)*(-2 - 46). Calculate the highest common factor of j and k.
24
Suppose 3*f + 5*q - 970 = -2*f, -f + 5*q + 182 = 0. Suppose 5*x - 7*t = -5*t + 134, 4*t + 28 = 0. Calculate the highest common divisor of f and x.
24
Let a be (-2)/(-16) - (-534)/(-48). Let b be (-3)/(6/4)*-1. Let l be b - 3 - (a - -2). What is the greatest common divisor of l and 20?
4
Let s(z) = 5*z**2 + 5*z - 11. Let a(v) = -9*v**2 - 11*v + 23. Let o(i) = -6*a(i) - 11*s(i). Let j be o(8). Calculate the greatest common divisor of 63 and j.
7
Suppose -4*a - 2*n = -n - 389, 5*a + n - 487 = 0. What is the greatest common factor of 343 and a?
49
Suppose -2*z = 5*z - 1260. Let r be z/42 + 1/((-21)/6). What is the highest common factor of 6 and r?
2
Let v(i) = 3*i - 14 - 2*i**2 + 15 - 2*i**2 + 5*i**2. Let p be v(-1). Let d be 4/(171/165 + p). Calculate the greatest common divisor of d and 10.
10
Let z be ((-1)/(-2))/((-2)/(-72)). Let m = -4 + 8. Suppose u - p + 4*p = -m, -4*u + 2*p = -12. What is the highest common divisor of u and z?
2
Let w(a) = 215*a + 38. Let p be w(1). Calculate the greatest common divisor of p and 46.
23
Suppose -b + p = 131, -4*b + 2*p - 529 = -p. Let z = 155 + b. What is the greatest common divisor of 57 and z?
19
Let j be ((-2)/(-2))/(1 + 0). Suppose 0 = 36*o - 44*o + 1856. Suppose 254 = 2*r + o. Calculate the greatest common factor of r and j.
1
Let c be 5/((-10)/6) + 228. Suppose -2*o - 165 = -3*w, -6*w + o = -2*w - c. Calculate the highest common divisor of 19 and w.
19
Let j be -1 + 2 - (-16)/(-8 - -16). What is the greatest common divisor of j and 51?
3
Let j be 1/3*0/2. Suppose j = p - 3*p + 30. Suppose a - 5*a + 240 = 0. Calculate the greatest common factor of a and p.
15
Let x be (-164)/(-41) - (1 - 105). Calculate the highest common factor of 60 and x.
12
Suppose -p + 443 = v, 9*p - 4*v = 10*p - 446. Calculate the greatest common divisor of p and 68.
34
Let r(f) = -f**2 + 7*f - 7. Let x be r(5). Suppose x*z - 4*z = 3*g - 242, 247 = 3*g - 4*z. Calculate the greatest common divisor of g and 54.
27
Let i = 23 + -5. Let l be (-518)/8 + (-15)/(-4) + -3. Let c be l/1*27/(-12). Calculate the highest common divisor of c and i.
18
Suppose -9 + 8 = x. Let y = 11 - x. Calculate the greatest common factor of y and 2.
2
Suppose 0*b - 172 = 2*b. Let r = b + 94. Calculate the highest common divisor of r and 24.
8
Suppose -40 = -f + 2*t + 3*t, 2*t = -2*f 